at is p(9)?
-9
Let g(m) = m**3 - 9*m**2 + 7*m + 10. Give g(8).
2
Let b(j) = j**2 - 9*j - 6. Calculate b(10).
4
Let t(m) = -14*m. What is t(-1)?
14
Let v(o) = -o**2 - 6*o. Give v(-5).
5
Let s(r) = r**3 - 17*r**2 - 37*r - 23. Determine s(19).
-4
Let n(y) = y**3 - 8*y**2 - 2*y + 16. Determine n(8).
0
Let j(s) = -s**3 - 3*s**2 - 6*s - 5. What is j(-3)?
13
Let n(y) = -4*y**2 - 2. What is n(-1)?
-6
Let n(w) = 7*w - 4. Determine n(4).
24
Let m(h) = h**3 + 9*h**2 - 7*h + 10. Calculate m(-10).
-20
Let w(o) = o - 11. What is w(13)?
2
Let j(f) = -f**2 - 10*f - 7. Calculate j(-8).
9
Let w(l) = -4*l**2 - 50*l - 28. Give w(-12).
-4
Let u(b) = -b**3 - 7*b**2 - 12*b - 17. Calculate u(-5).
-7
Let d(x) = 10*x**2 + 4*x - 4. Determine d(3).
98
Let b(u) = -7*u + 1. Give b(1).
-6
Let v(u) = -u**3 + 8*u**2 + u + 3. What is v(7)?
59
Let y(v) = 10*v - 14. What is y(2)?
6
Let d(y) = y - 3. What is d(-8)?
-11
Let l(u) = u**3 - 10*u**2 - 8*u + 13. Determine l(11).
46
Let h(z) = -z**2 + 16*z - 47. Determine h(11).
8
Let t(d) = 2*d - 11. Give t(-8).
-27
Let x(h) = h**2 - 12*h - 2. Determine x(13).
11
Let d(s) = -105*s**3 + s**2 - 2*s - 1. Give d(-1).
107
Let w(y) = 52*y**2. Calculate w(1).
52
Let i(x) = -2*x + 12. What is i(8)?
-4
Let y(r) = 3*r + 19. Calculate y(-8).
-5
Let l(b) = -b**3 + 7*b**2 - b - 6. What is l(7)?
-13
Let s(h) = 2*h**3 + 2*h**2 - 4*h - 4. Give s(-3).
-28
Let z(l) = l**3 + 23*l**2 + 20*l - 27. Calculate z(-22).
17
Let v(t) = -3*t - 11. What is v(-8)?
13
Let g(m) = 11*m + 13. Give g(-6).
-53
Let b(g) = 10*g + 51. What is b(-6)?
-9
Let q(l) = -l**2 + 11*l - 5. Give q(6).
25
Let h(w) = -w**2 - 25*w + 42. What is h(-19)?
156
Let j(d) = -d**3 - 9*d**2 - 7*d + 18. Calculate j(-8).
10
Let c(p) = -p**2 - 6*p - 6. Calculate c(-7).
-13
Let o(l) = -l**3 + 6*l**2 - 4*l + 4. Give o(7).
-73
Let y(d) = -d**3 + 13*d**2 + d - 17. Give y(13).
-4
Let a(q) = 4*q**2 + 68*q + 35. What is a(-16)?
-29
Let d(r) = r**2 - 11. Give d(8).
53
Let q(k) = -k**3 - 7*k**2 + 46*k + 21. What is q(-11)?
-1
Let n(t) = 4*t + 44. What is n(-13)?
-8
Let g(q) = -3*q + 21. Calculate g(7).
0
Let r(w) = w**2 - 8*w + 8. Calculate r(5).
-7
Let j(t) = t**3 + 18*t**2 - 22*t - 28. Determine j(-19).
29
Let n(g) = -14*g - 614. Determine n(-44).
2
Let i(p) = -16*p - 78. What is i(-5)?
2
Let h(n) = n**2 + 4*n - 9. Give h(-9).
36
Let g(v) = -v - 5. Give g(-7).
2
Let l(a) = a**3 + 8*a**2 - 10*a - 7. Give l(-9).
2
Let a(l) = -l**2 + 11*l + 34. What is a(17)?
-68
Let p(q) = -q**3 - 12*q**2 - 17*q - 36. What is p(-11)?
30
Let x(u) = -u**3 - 2*u**2 + 23*u + 8. Determine x(6).
-142
Let q(p) = -11*p - 72. Determine q(-7).
5
Let r(d) = 4*d + 19. Give r(-5).
-1
Let b(j) = j**3 - 14*j**2 + 13*j - 3. Give b(13).
-3
Let d(r) = 66*r - 792. Calculate d(12).
0
Let a(h) = -h**2 + 24*h - 145. What is a(10)?
-5
Let t(x) = 6*x - 144. Calculate t(20).
-24
Let w(k) = 4*k**2 - 28*k - 28. Calculate w(9).
44
Let c(l) = 4*l - 84. What is c(20)?
-4
Let a(m) = -m**3 + 16*m**2 + 103*m + 28. Determine a(21).
-14
Let p(y) = 9*y - 452. Give p(51).
7
Let j(q) = 4*q**2 - 16*q + 14. Give j(6).
62
Let u(v) = v**3 - 11*v**2 - 6*v + 3. Calculate u(11).
-63
Let m(c) = c**2 - 22*c - 321. Determine m(-10).
-1
Let d(t) = -t**3 + 8*t**2 - 6*t - 2. Calculate d(7).
5
Let u(v) = 3*v**2 + 22*v + 20. Calculate u(-6).
-4
Let g(o) = 2*o**2 + 57*o + 72. What is g(-27)?
-9
Let m(l) = -10*l + 5. What is m(3)?
-25
Let w(z) = -z - 13. Determine w(-10).
-3
Let z(b) = -b**3 - 6*b**2 - 13*b - 47. Calculate z(-4).
-27
Let p(j) = 18*j + 10. What is p(-1)?
-8
Let t(a) = a**3 - 9*a**2 + 4*a + 2. Give t(8).
-30
Let k(i) = i**2 + i + 1. Give k(-2).
3
Let c(f) = -28*f + 3. Give c(-2).
59
Let r(w) = w**3 - 10*w**2 + 23*w - 7. Give r(7).
7
Let p(d) = d**3 + 3*d**2 - 4*d - 6. Determine p(-4).
-6
Let w(i) = -24*i + 43. Determine w(6).
-101
Let b(v) = -9*v**2 + 3*v - 2. What is b(1)?
-8
Let b(p) = 6*p + 2. What is b(4)?
26
Let g(w) = -w**3 + 15*w**2 - 14*w - 6. Calculate g(14).
-6
Let o(q) = 2*q + 12. Determine o(-7).
-2
Let d(w) = -4*w**2 - 23*w + 33. What is d(-10)?
-137
Let c(f) = f + 3. Determine c(-2).
1
Let i(m) = -m**3 - 7*m**2 - 4*m + 1. What is i(-2)?
-11
Let x(j) = j**3 - 5*j**2 - j - 6. Give x(0).
-6
Let r(f) = -f**2 + 10*f + 29. Determine r(13).
-10
Let i(k) = 11*k**2 - 16*k - 15. Determine i(-1).
12
Let b(l) = -l**2 + 7*l + 30. Determine b(-3).
0
Let j(c) = 2*c**2 + 25*c + 7. What is j(-12)?
-5
Let y(k) = 6*k - 4. Determine y(3).
14
Let j(k) = 6*k + 5. Give j(-2).
-7
Let c(m) = 3*m**2 - 8*m. Give c(2).
-4
Let t(b) = -b**3 + b**2 + 4*b - 5. Give t(2).
-1
Let g(m) = m**3 - 2*m**2 - 3. Give g(0).
-3
Let z(i) = i**2 + 8*i + 21. Calculate z(-6).
9
Let w(q) = -q**3 - 8*q**2 + 18*q - 18. Determine w(-10).
2
Let g(w) = w**2 + 4*w + 6. Calculate g(-6).
18
Let z(n) = n - 22. What is z(11)?
-11
Let a(u) = 119*u + 2. Determine a(-1).
-117
Let x(f) = 2*f + 8. Calculate x(3).
14
Let w(r) = -r**3 - 3*r**2 + 4*r. Calculate w(-4).
0
Let o(n) = -15*n - 108. Calculate o(-7).
-3
Let t(i) = i**2 - 23*i + 74. Give t(5).
-16
Let c(p) = 16*p + 104. What is c(-6)?
8
Let o(q) = 3*q**3 + 3*q**2 - q - 4. Calculate o(3).
101
Let k(s) = 3*s + 24. Determine k(-4).
12
Let i(l) = l**3 - 3*l**2 - 4*l + 3. Determine i(4).
3
Let t(z) = -z**3 + 3*z**2 - z. Give t(4).
-20
Let b(j) = -2*j**2 + 9*j - 11. Determine b(2).
-1
Let x(d) = 10*d**2 + 3*d. Determine x(-2).
34
Let c(t) = -t**2 + 35*t - 228. Give c(9).
6
Let o(g) = -g**3 + 13*g**2 - 8*g - 3. Calculate o(13).
-107
Let f(h) = -76*h**3 - 2*h**2 + 3*h - 2. Calculate f(1).
-77
Let q(k) = 5*k + 50. What is q(-10)?
0
Let w(q) = q**2 + 21*q + 37. Give w(-19).
-1
Let a(o) = -o**2 - 11*o - 11. Calculate a(-13).
-37
Let l(y) = y**3 + 36*y**2 + 3*y + 115. Determine l(-36).
7
Let h(n) = -n**2 - 12*n - 32. What is h(-5)?
3
Let c(k) = -k**2 + 73*k - 65. Give c(72).
7
Let g(a) = a**3 - 2*a**2 + 3*a - 3. What is g(3)?
15
Let j(r) = r**3 - 5*r**2 + r. What is j(5)?
5
Let p(q) = q**3 - 17*q**2 - 36*q - 46. Give p(19).
-8
Let u(n) = n**2 - 9*n - 9. Calculate u(10).
1
Let g(n) = n**3 + 10*n**2 - 2*n - 10. Determine g(-10).
10
Let g(u) = 2*u**3 + 5*u**2 + 4*u + 3. Determine g(-3).
-18
Let b(j) = j**2 - 4*j - 27. Determine b(11).
50
Let o(q) = 6*q - 98. Determine o(16).
-2
Let z(c) = -5*c + 22. Determine z(5).
-3
Let k(u) = -31*u + 3. What is k(-1)?
34
Let m(y) = y**2 - 8*y - 20. Calculate m(10).
0
Let v(c) = -2*c - 3. Give v(2).
-7
Let i(b) = 6*b**2. Give i(2).
24
Let n(o) = -4*o**2 - 7*o - 3. Calculate n(-4).
-39
Let z(c) = -c**3 - 7*c**2 + 5*c - 5. Calculate z(-7).
-40
Let g(f) = -f**2 + 13*f - 29. Determine g(6).
13
Let r(d) = 2*d**3 - 16*d**2 - 22*d + 46. What is r(9)?
10
Let x(i) = -i**3 + 10*i**2 - i + 63. Give x(0).
63
Let f(c) = c**3 - 8*c**2 - 10*c - 4. Determine f(9).
-13
Let f(b) = b**3 - 5*b**2 + 4*b + 7. What is f(6)?
67
Let l(n) = 12*n**3 - 2*n**2 - 10*n - 15. What is l(-2)?
-99
Let d(l) = -l**3 + 13*l**2 + 24*l - 34. Calculate d(15).
-124
Let o(h) = 3*h - 15. Calculate o(-2).
-21
Let y(g) = 2*g**3 - 14*g**2 + 5*g - 29. Give y(7).
6
Let i(y) = -y**2 + 19. Give i(6).
-17
Let o(i) = i - 9. Give o(7).
-2
Let s(y) = -3*y + 51. What is s(17)?
0
Let c(k) = -k - 7. What is c(-12)?
5
Let j(a) = -a**2 + 8*a - 4. Give j(8).
-4
Let h(o) = -o**3 + 5*o**2 - 3*o + 4. What is h(5)?
-11
Let g(j) = -4*j + 4. Determine g(7).
-24
Let c(k) = 6*k**2 + 9*k + 3. Give c(-2).
9
Let p(g) = -g**2 - 15*g - 26. Calculate p(-15).
-26
Let b(m) = 2*m**2 + 25*m + 25. Give b(-11).
-8
Let n(x) = -x**3 - 7*x**2 - 2*x - 6. Calculate n(-7).
8
Let a(b) = b - 1. Calculate a(-2).
-3
Let u(r) = 2*r**3 - 16*r**2 - 3*r + 19. Give u(8).
-5
Let a(t) = t**2 + 7*t + 3. Determine a(-5).
-7
Let z(f) = f**2 - 19*f + 7. Calculate z(19).
7
Let b(r) = -r**2 - 6*r - 31. Give b(-9).
-58
Let m(g) = -g**2 - 19*g - 36. Calculate m(-17).
-2
Let r(n) = n**2 - 35*n + 70. Calculate r(2).
4
Let c(o) = -2*o**2 + 13*o - 21. Determine c(7).
-28
Let r(d) = d + 1. What is r(-12)?
-11
Let o(z) = z + 11. Calculate o(-21).
-10
Let m(x) = x**3 + 9*x**2 - 10*x - 14. What is m(-10)?
-14
Let i(v) = -v**3 - 7*v**2 - 2*v - 1. Determine i(-6).
-25
Let a(f) = -5*f**2 + 37*f - 15. What is a(7)?
-1
Let z(j) = 3*j - 58. What is z(21)?
5
Let z(x) = -2*x - 13. Calculate z(-8).
3
Let g(h) = 2*h**2 - 4*h - 2. Give g(3).
4
Let c(v) 